[INFO] fetching crate hygeia 0.3.2...
[INFO] checking hygeia-0.3.2 against try#72f88fc4e9458f89516a0b8b0868f3718aec5b47 for pr-74989
[INFO] extracting crate hygeia 0.3.2 into /workspace/builds/worker-7/source
[INFO] validating manifest of crates.io crate hygeia 0.3.2 on toolchain 72f88fc4e9458f89516a0b8b0868f3718aec5b47
[INFO] running `Command { std: "/workspace/cargo-home/bin/cargo" "+72f88fc4e9458f89516a0b8b0868f3718aec5b47" "read-manifest" "--manifest-path" "Cargo.toml", kill_on_drop: false }`
[INFO] removed /workspace/builds/worker-7/source/.cargo/config
[INFO] started tweaking crates.io crate hygeia 0.3.2
[INFO] finished tweaking crates.io crate hygeia 0.3.2
[INFO] tweaked toml for crates.io crate hygeia 0.3.2 written to /workspace/builds/worker-7/source/Cargo.toml
[INFO] crate crates.io crate hygeia 0.3.2 already has a lockfile, it will not be regenerated
[INFO] running `Command { std: "/workspace/cargo-home/bin/cargo" "+72f88fc4e9458f89516a0b8b0868f3718aec5b47" "fetch" "--locked" "--manifest-path" "Cargo.toml", kill_on_drop: false }`
[INFO] [stderr]  Downloading crates ...
[INFO] [stderr]   Downloaded pin-project v0.4.7
[INFO] [stderr]   Downloaded mockall_derive v0.6.0
[INFO] [stderr]   Downloaded proc-macro-error v0.4.5
[INFO] [stderr]   Downloaded structopt-derive v0.4.1
[INFO] [stderr]   Downloaded rstest v0.5.3
[INFO] [stderr]   Downloaded bstr v0.2.10
[INFO] [stderr]   Downloaded tokio v0.2.10
[INFO] [stderr]   Downloaded filetime v0.2.8
[INFO] [stderr]   Downloaded users v0.9.1
[INFO] [stderr]   Downloaded proc-macro-error-attr v0.4.5
[INFO] [stderr]   Downloaded select v0.4.3
[INFO] [stderr]   Downloaded question v0.2.2
[INFO] [stderr]   Downloaded bzip2-sys v0.1.7
[INFO] [stderr]   Downloaded html5ever v0.23.0
[INFO] [stderr]   Downloaded pin-project-internal v0.4.7
[INFO] [stderr]   Downloaded git-testament-derive v0.1.8
[INFO] [stderr]   Downloaded git-testament v0.1.7
[INFO] [stderr]   Downloaded mockall v0.6.0
[INFO] [stderr]   Downloaded tendril v0.4.1
[INFO] [stderr]   Downloaded markup5ever v0.8.1
[INFO] [stderr]   Downloaded terminal_size v0.1.10
[INFO] [stderr]   Downloaded quick-xml v0.17.2
[INFO] [stderr]   Downloaded zip v0.5.4
[INFO] [stderr]   Downloaded self_update v0.10.0
[INFO] [stderr]   Downloaded openssl-src v111.6.1+1.1.1d
[INFO] [stderr]   Downloaded structopt v0.3.8
[INFO] [stderr]   Downloaded syn-mid v0.4.0
[INFO] running `Command { std: "docker" "create" "-v" "/var/lib/crater-agent-workspace/builds/worker-7/target:/opt/rustwide/target:rw,Z" "-v" "/var/lib/crater-agent-workspace/builds/worker-7/source:/opt/rustwide/workdir:ro,Z" "-v" "/var/lib/crater-agent-workspace/cargo-home:/opt/rustwide/cargo-home:ro,Z" "-v" "/var/lib/crater-agent-workspace/rustup-home:/opt/rustwide/rustup-home:ro,Z" "-e" "SOURCE_DIR=/opt/rustwide/workdir" "-e" "CARGO_TARGET_DIR=/opt/rustwide/target" "-e" "CARGO_HOME=/opt/rustwide/cargo-home" "-e" "RUSTUP_HOME=/opt/rustwide/rustup-home" "-w" "/opt/rustwide/workdir" "-m" "1610612736" "--user" "0:0" "--network" "none" "rustops/crates-build-env@sha256:d92eaeed33fa75130ca1ee6c8a01d1ffb62bac859dfdfb3450e3e5d1c0146529" "/opt/rustwide/cargo-home/bin/cargo" "+72f88fc4e9458f89516a0b8b0868f3718aec5b47" "metadata" "--no-deps" "--format-version=1", kill_on_drop: false }`
[INFO] [stderr] WARNING: Your kernel does not support swap limit capabilities or the cgroup is not mounted. Memory limited without swap.
[INFO] [stdout] d6e699dacd07a0fd520f537a6e0123d345eaf61cb3d2d0506c1753214fbcf6f2
[INFO] running `Command { std: "docker" "start" "-a" "d6e699dacd07a0fd520f537a6e0123d345eaf61cb3d2d0506c1753214fbcf6f2", kill_on_drop: false }`
[INFO] running `Command { std: "docker" "inspect" "d6e699dacd07a0fd520f537a6e0123d345eaf61cb3d2d0506c1753214fbcf6f2", kill_on_drop: false }`
[INFO] running `Command { std: "docker" "rm" "-f" "d6e699dacd07a0fd520f537a6e0123d345eaf61cb3d2d0506c1753214fbcf6f2", kill_on_drop: false }`
[INFO] [stdout] d6e699dacd07a0fd520f537a6e0123d345eaf61cb3d2d0506c1753214fbcf6f2
[INFO] running `Command { std: "docker" "create" "-v" "/var/lib/crater-agent-workspace/builds/worker-7/target:/opt/rustwide/target:rw,Z" "-v" "/var/lib/crater-agent-workspace/builds/worker-7/source:/opt/rustwide/workdir:ro,Z" "-v" "/var/lib/crater-agent-workspace/cargo-home:/opt/rustwide/cargo-home:ro,Z" "-v" "/var/lib/crater-agent-workspace/rustup-home:/opt/rustwide/rustup-home:ro,Z" "-e" "SOURCE_DIR=/opt/rustwide/workdir" "-e" "CARGO_TARGET_DIR=/opt/rustwide/target" "-e" "CARGO_INCREMENTAL=0" "-e" "RUST_BACKTRACE=full" "-e" "RUSTFLAGS=--cap-lints=forbid" "-e" "CARGO_HOME=/opt/rustwide/cargo-home" "-e" "RUSTUP_HOME=/opt/rustwide/rustup-home" "-w" "/opt/rustwide/workdir" "-m" "1610612736" "--user" "0:0" "--network" "none" "rustops/crates-build-env@sha256:d92eaeed33fa75130ca1ee6c8a01d1ffb62bac859dfdfb3450e3e5d1c0146529" "/opt/rustwide/cargo-home/bin/cargo" "+72f88fc4e9458f89516a0b8b0868f3718aec5b47" "check" "--frozen" "--all" "--all-targets" "--message-format=json", kill_on_drop: false }`
[INFO] [stdout] 2f387d2aebca2925244a9874eb08282ba93edd50976fdce4a6725e6ebb61a8dc
[INFO] [stderr] WARNING: Your kernel does not support swap limit capabilities or the cgroup is not mounted. Memory limited without swap.
[INFO] running `Command { std: "docker" "start" "-a" "2f387d2aebca2925244a9874eb08282ba93edd50976fdce4a6725e6ebb61a8dc", kill_on_drop: false }`
[INFO] [stderr]    Compiling libc v0.2.66
[INFO] [stderr]    Compiling unicode-xid v0.2.0
[INFO] [stderr]    Compiling syn v1.0.14
[INFO] [stderr]     Checking cfg-if v0.1.10
[INFO] [stderr]     Checking lazy_static v1.4.0
[INFO] [stderr]    Compiling memchr v2.3.0
[INFO] [stderr]    Compiling autocfg v1.0.0
[INFO] [stderr]    Compiling log v0.4.8
[INFO] [stderr]    Compiling rand_core v0.4.2
[INFO] [stderr]    Compiling cc v1.0.50
[INFO] [stderr]     Checking itoa v0.4.5
[INFO] [stderr]     Checking slab v0.4.2
[INFO] [stderr]    Compiling pkg-config v0.3.17
[INFO] [stderr]     Checking fnv v1.0.6
[INFO] [stderr]     Checking futures-sink v0.3.1
[INFO] [stderr]    Compiling proc-macro-nested v0.1.3
[INFO] [stderr]     Checking futures-core v0.3.1
[INFO] [stderr]    Compiling bitflags v1.2.1
[INFO] [stderr]     Checking futures-io v0.3.1
[INFO] [stderr]    Compiling rustversion v1.0.2
[INFO] [stderr]     Checking pin-project-lite v0.1.4
[INFO] [stderr]     Checking regex-syntax v0.6.13
[INFO] [stderr]     Checking futures-task v0.3.1
[INFO] [stderr]     Checking pin-utils v0.1.0-alpha.4
[INFO] [stderr]    Compiling proc-macro2 v0.4.30
[INFO] [stderr]     Checking foreign-types-shared v0.1.1
[INFO] [stderr]    Compiling openssl v0.10.26
[INFO] [stderr]    Compiling unicode-xid v0.1.0
[INFO] [stderr]     Checking unicode-width v0.1.7
[INFO] [stderr]    Compiling httparse v1.3.4
[INFO] [stderr]     Checking matches v0.1.8
[INFO] [stderr]    Compiling syn v0.15.44
[INFO] [stderr]     Checking smallvec v1.1.0
[INFO] [stderr]    Compiling native-tls v0.2.3
[INFO] [stderr]     Checking siphasher v0.2.3
[INFO] [stderr]     Checking new_debug_unreachable v1.0.4
[INFO] [stderr]     Checking mac v0.1.1
[INFO] [stderr]     Checking openssl-probe v0.1.2
[INFO] [stderr]     Checking try-lock v0.2.2
[INFO] [stderr]     Checking string_cache_shared v0.3.0
[INFO] [stderr]     Checking percent-encoding v2.1.0
[INFO] [stderr]     Checking precomputed-hash v0.1.1
[INFO] [stderr]    Compiling encoding_rs v0.8.22
[INFO] [stderr]     Checking utf-8 v0.7.5
[INFO] [stderr]     Checking tower-service v0.3.0
[INFO] [stderr]    Compiling unicode-segmentation v1.6.0
[INFO] [stderr]     Checking dtoa v0.4.4
[INFO] [stderr]     Checking vec_map v0.8.1
[INFO] [stderr]     Checking semver-parser v0.7.0
[INFO] [stderr]     Checking podio v0.1.6
[INFO] [stderr]     Checking strsim v0.8.0
[INFO] [stderr]     Checking quick-error v1.2.3
[INFO] [stderr]     Checking ansi_term v0.11.0
[INFO] [stderr]     Checking base64 v0.11.0
[INFO] [stderr]    Compiling self_update v0.10.0
[INFO] [stderr]     Checking number_prefix v0.3.0
[INFO] [stderr]    Compiling doc-comment v0.3.1
[INFO] [stderr]     Checking either v1.5.3
[INFO] [stderr]     Checking termcolor v1.1.0
[INFO] [stderr]     Checking normalize-line-endings v0.2.2
[INFO] [stderr]    Compiling escargot v0.5.0
[INFO] [stderr]     Checking encode_unicode v0.3.6
[INFO] [stderr]    Compiling unindent v0.1.5
[INFO] [stderr]     Checking question v0.2.2
[INFO] [stderr]     Checking fragile v0.3.0
[INFO] [stderr]     Checking downcast v0.10.0
[INFO] [stderr]    Compiling unicase v2.6.0
[INFO] [stderr]     Checking thread_local v1.0.1
[INFO] [stderr]     Checking http v0.2.0
[INFO] [stderr]     Checking futures-channel v0.3.1
[INFO] [stderr]    Compiling rand_core v0.3.1
[INFO] [stderr]    Compiling rand_jitter v0.1.4
[INFO] [stderr]     Checking foreign-types v0.3.2
[INFO] [stderr]     Checking textwrap v0.11.0
[INFO] [stderr]     Checking unicode-bidi v0.3.4
[INFO] [stderr]     Checking futf v0.1.4
[INFO] [stderr]     Checking unicode-normalization v0.1.12
[INFO] [stderr]     Checking miniz_oxide v0.3.5
[INFO] [stderr]     Checking phf_shared v0.7.24
[INFO] [stderr]    Compiling openssl-src v111.6.1+1.1.1d
[INFO] [stderr]     Checking humantime v1.3.0
[INFO] [stderr]    Compiling num-traits v0.2.11
[INFO] [stderr]    Compiling indexmap v1.3.1
[INFO] [stderr]    Compiling num-integer v0.1.42
[INFO] [stderr]    Compiling proc-macro2 v1.0.8
[INFO] [stderr]    Compiling ryu v1.0.2
[INFO] [stderr]    Compiling rand_xorshift v0.1.1
[INFO] [stderr]    Compiling rand_hc v0.1.0
[INFO] [stderr]    Compiling rand_isaac v0.1.1
[INFO] [stderr]    Compiling heck v0.3.1
[INFO] [stderr]     Checking crc32fast v1.2.0
[INFO] [stderr]     Checking phf v0.7.24
[INFO] [stderr]     Checking tendril v0.4.1
[INFO] [stderr]    Compiling rand_chacha v0.1.1
[INFO] [stderr]    Compiling rand_pcg v0.1.2
[INFO] [stderr]     Checking regex-automata v0.1.8
[INFO] [stderr]     Checking base64 v0.9.3
[INFO] [stderr]     Checking want v0.3.0
[INFO] [stderr]    Compiling quote v1.0.2
[INFO] [stderr]     Checking idna v0.2.0
[INFO] [stderr]    Compiling openssl-sys v0.9.53
[INFO] [stderr]    Compiling bzip2-sys v0.1.7
[INFO] [stderr]    Compiling quote v0.6.13
[INFO] [stderr]     Checking iovec v0.1.4
[INFO] [stderr]     Checking net2 v0.2.33
[INFO] [stderr]     Checking num_cpus v1.12.0
[INFO] [stderr]     Checking time v0.1.42
[INFO] [stderr]     Checking atty v0.2.14
[INFO] [stderr]     Checking termios v0.3.1
[INFO] [stderr]     Checking clicolors-control v1.0.1
[INFO] [stderr]     Checking filetime v0.2.8
[INFO] [stderr]     Checking rand v0.4.6
[INFO] [stderr]     Checking xattr v0.2.2
[INFO] [stderr]     Checking dirs v1.0.5
[INFO] [stderr]     Checking flate2 v1.0.13
[INFO] [stderr]     Checking dirs-sys v0.3.4
[INFO] [stderr]     Checking terminal_size v0.1.10
[INFO] [stderr]     Checking users v0.9.1
[INFO] [stderr]    Compiling mime_guess v2.0.1
[INFO] [stderr]    Compiling rand_os v0.1.3
[INFO] [stderr]     Checking bytes v0.4.12
[INFO] [stderr]     Checking aho-corasick v0.7.6
[INFO] [stderr]     Checking csv-core v0.1.6
[INFO] [stderr]     Checking quick-xml v0.17.2
[INFO] [stderr]     Checking clap v2.33.0
[INFO] [stderr]     Checking mio v0.6.21
[INFO] [stderr]     Checking float-cmp v0.5.3
[INFO] [stderr]     Checking term v0.5.2
[INFO] [stderr]     Checking tar v0.4.26
[INFO] [stderr]     Checking http-body v0.3.1
[INFO] [stderr]     Checking dirs v2.0.2
[INFO] [stderr]    Compiling rand v0.6.5
[INFO] [stderr]     Checking tempdir v0.3.7
[INFO] [stderr]     Checking hyper-old-types v0.11.0
[INFO] [stderr]     Checking tokio v0.2.10
[INFO] [stderr]     Checking regex v1.3.3
[INFO] [stderr]     Checking bzip2 v0.3.3
[INFO] [stderr]     Checking zip v0.5.4
[INFO] [stderr]    Compiling phf_generator v0.7.24
[INFO] [stderr]     Checking console v0.9.2
[INFO] [stderr]     Checking predicates v1.0.2
[INFO] [stderr]     Checking env_logger v0.7.1
[INFO] [stderr]    Compiling string_cache_codegen v0.4.4
[INFO] [stderr]    Compiling phf_codegen v0.7.24
[INFO] [stderr]     Checking indicatif v0.13.0
[INFO] [stderr]    Compiling string_cache v0.7.5
[INFO] [stderr]     Checking tokio-util v0.2.0
[INFO] [stderr]    Compiling syn-mid v0.4.0
[INFO] [stderr]    Compiling html5ever v0.23.0
[INFO] [stderr]    Compiling serde_derive v1.0.104
[INFO] [stderr]    Compiling proc-macro-hack v0.5.11
[INFO] [stderr]    Compiling pin-project-internal v0.4.7
[INFO] [stderr]    Compiling thiserror-impl v1.0.9
[INFO] [stderr]    Compiling async-trait v0.1.22
[INFO] [stderr]    Compiling mockall_derive v0.6.0
[INFO] [stderr]    Compiling proc-macro-error v0.4.5
[INFO] [stderr]    Compiling proc-macro-error-attr v0.4.5
[INFO] [stderr]    Compiling futures-macro v0.3.1
[INFO] [stderr]    Compiling indoc-impl v0.3.4
[INFO] [stderr]     Checking thiserror v1.0.9
[INFO] [stderr]     Checking pin-project v0.4.7
[INFO] [stderr]     Checking indoc v0.3.4
[INFO] [stderr]     Checking futures-util v0.3.1
[INFO] [stderr]    Compiling structopt-derive v0.4.1
[INFO] [stderr]     Checking h2 v0.2.1
[INFO] [stderr]     Checking futures-executor v0.3.1
[INFO] [stderr]     Checking futures v0.3.1
[INFO] [stderr]     Checking serde v1.0.104
[INFO] [stderr]     Checking structopt v0.3.8
[INFO] [stderr]     Checking mockall v0.6.0
[INFO] [stderr]     Checking hyper v0.13.1
[INFO] [stderr]     Checking serde_json v1.0.45
[INFO] [stderr]     Checking url v2.1.1
[INFO] [stderr]     Checking bstr v0.2.10
[INFO] [stderr]     Checking semver v0.9.0
[INFO] [stderr]     Checking chrono v0.4.10
[INFO] [stderr]     Checking tokio-tls v0.3.0
[INFO] [stderr]     Checking hyper-tls v0.4.1
[INFO] [stderr]    Compiling rustc_version v0.2.3
[INFO] [stderr]     Checking csv v1.1.3
[INFO] [stderr]     Checking serde_urlencoded v0.6.1
[INFO] [stderr]    Compiling rstest v0.5.3
[INFO] [stderr]     Checking reqwest v0.10.1
[INFO] [stderr]     Checking prettytable-rs v0.8.0
[INFO] [stderr]    Compiling git-testament-derive v0.1.8
[INFO] [stderr]    Compiling markup5ever v0.8.1
[INFO] [stderr]     Checking assert_cmd v0.12.0
[INFO] [stderr]     Checking git-testament v0.1.7
[INFO] [stderr]     Checking select v0.4.3
[INFO] [stderr]     Checking hygeia v0.3.2 (/opt/rustwide/workdir)
[INFO] [stdout] error[E0432]: unresolved import `hygeia_test_helpers`
[INFO] [stdout]   --> src/dir_monitor.rs:53:9
[INFO] [stdout]    |
[INFO] [stdout] 53 |     use hygeia_test_helpers::create_test_temp_dir;
[INFO] [stdout]    |         ^^^^^^^^^^^^^^^^^^^ use of undeclared type or module `hygeia_test_helpers`
[INFO] [stdout] 
[INFO] [stdout] 
[INFO] [stdout] error[E0432]: unresolved import `hygeia_test_helpers`
[INFO] [stdout]    --> src/utils/directory.rs:240:9
[INFO] [stdout]     |
[INFO] [stdout] 240 |     use hygeia_test_helpers::create_test_temp_dir;
[INFO] [stdout]     |         ^^^^^^^^^^^^^^^^^^^ use of undeclared type or module `hygeia_test_helpers`
[INFO] [stdout] 
[INFO] [stdout] 
[INFO] [stdout] error[E0432]: unresolved import `hygeia_test_helpers`
[INFO] [stdout]    --> src/utils.rs:459:9
[INFO] [stdout]     |
[INFO] [stdout] 459 |     use hygeia_test_helpers::create_test_temp_dir;
[INFO] [stdout]     |         ^^^^^^^^^^^^^^^^^^^ use of undeclared type or module `hygeia_test_helpers`
[INFO] [stdout] 
[INFO] [stdout] 
[INFO] [stdout] error[E0432]: unresolved import `hygeia_test_helpers`
[INFO] [stdout]  --> src/cache/tests.rs:7:5
[INFO] [stdout]   |
[INFO] [stdout] 7 | use hygeia_test_helpers::create_test_temp_dir;
[INFO] [stdout]   |     ^^^^^^^^^^^^^^^^^^^ use of undeclared type or module `hygeia_test_helpers`
[INFO] [stdout] 
[INFO] [stdout] 
[INFO] [stdout] error[E0432]: unresolved import `hygeia_test_helpers`
[INFO] [stdout]    --> src/download.rs:224:9
[INFO] [stdout]     |
[INFO] [stdout] 224 |     use hygeia_test_helpers::create_test_temp_dir;
[INFO] [stdout]     |         ^^^^^^^^^^^^^^^^^^^ use of undeclared type or module `hygeia_test_helpers`
[INFO] [stdout] 
[INFO] [stdout] 
[INFO] [stdout] error[E0432]: unresolved import `hygeia_test_helpers`
[INFO] [stdout]   --> src/toolchain/tests.rs:16:5
[INFO] [stdout]    |
[INFO] [stdout] 16 | use hygeia_test_helpers::{create_test_temp_dir, mock_executable, MockedOutput};
[INFO] [stdout]    |     ^^^^^^^^^^^^^^^^^^^ use of undeclared type or module `hygeia_test_helpers`
[INFO] [stdout] 
[INFO] [stdout] 
[INFO] [stdout] error: cannot determine resolution for the macro `create_test_temp_dir`
[INFO] [stdout]   --> src/cache/tests.rs:57:16
[INFO] [stdout]    |
[INFO] [stdout] 57 |     let home = create_test_temp_dir!();
[INFO] [stdout]    |                ^^^^^^^^^^^^^^^^^^^^
[INFO] [stdout]    |
[INFO] [stdout]    = note: import resolution is stuck, try simplifying macro imports
[INFO] [stdout] 
[INFO] [stdout] 
[INFO] [stdout] error: cannot determine resolution for the macro `create_test_temp_dir`
[INFO] [stdout]   --> src/cache/tests.rs:88:16
[INFO] [stdout]    |
[INFO] [stdout] 88 |     let home = create_test_temp_dir!();
[INFO] [stdout]    |                ^^^^^^^^^^^^^^^^^^^^
[INFO] [stdout]    |
[INFO] [stdout]    = note: import resolution is stuck, try simplifying macro imports
[INFO] [stdout] 
[INFO] [stdout] 
[INFO] [stdout] error: cannot determine resolution for the macro `create_test_temp_dir`
[INFO] [stdout]    --> src/cache/tests.rs:142:16
[INFO] [stdout]     |
[INFO] [stdout] 142 |     let home = create_test_temp_dir!();
[INFO] [stdout]     |                ^^^^^^^^^^^^^^^^^^^^
[INFO] [stdout]     |
[INFO] [stdout]     = note: import resolution is stuck, try simplifying macro imports
[INFO] [stdout] 
[INFO] [stdout] 
[INFO] [stdout] error: cannot determine resolution for the macro `create_test_temp_dir`
[INFO] [stdout]    --> src/cache/tests.rs:199:16
[INFO] [stdout]     |
[INFO] [stdout] 199 |     let home = create_test_temp_dir!();
[INFO] [stdout]     |                ^^^^^^^^^^^^^^^^^^^^
[INFO] [stdout]     |
[INFO] [stdout]     = note: import resolution is stuck, try simplifying macro imports
[INFO] [stdout] 
[INFO] [stdout] 
[INFO] [stdout] error: cannot determine resolution for the macro `create_test_temp_dir`
[INFO] [stdout]   --> src/dir_monitor.rs:67:23
[INFO] [stdout]    |
[INFO] [stdout] 67 |         let tmp_dir = create_test_temp_dir!();
[INFO] [stdout]    |                       ^^^^^^^^^^^^^^^^^^^^
[INFO] [stdout]    |
[INFO] [stdout]    = note: import resolution is stuck, try simplifying macro imports
[INFO] [stdout] 
[INFO] [stdout] 
[INFO] [stdout] error: cannot determine resolution for the macro `create_test_temp_dir`
[INFO] [stdout]    --> src/download.rs:272:28
[INFO] [stdout]     |
[INFO] [stdout] 272 |         let download_dir = create_test_temp_dir!();
[INFO] [stdout]     |                            ^^^^^^^^^^^^^^^^^^^^
[INFO] [stdout]     |
[INFO] [stdout]     = note: import resolution is stuck, try simplifying macro imports
[INFO] [stdout] 
[INFO] [stdout] 
[INFO] [stdout] error: cannot determine resolution for the macro `create_test_temp_dir`
[INFO] [stdout]   --> src/toolchain/tests.rs:61:15
[INFO] [stdout]    |
[INFO] [stdout] 61 |     let dir = create_test_temp_dir!();
[INFO] [stdout]    |               ^^^^^^^^^^^^^^^^^^^^
[INFO] [stdout]    |
[INFO] [stdout]    = note: import resolution is stuck, try simplifying macro imports
[INFO] [stdout] 
[INFO] [stdout] 
[INFO] [stdout] error: cannot determine resolution for the macro `create_test_temp_dir`
[INFO] [stdout]   --> src/toolchain/tests.rs:69:15
[INFO] [stdout]    |
[INFO] [stdout] 69 |     let dir = create_test_temp_dir!();
[INFO] [stdout]    |               ^^^^^^^^^^^^^^^^^^^^
[INFO] [stdout]    |
[INFO] [stdout]    = note: import resolution is stuck, try simplifying macro imports
[INFO] [stdout] 
[INFO] [stdout] 
[INFO] [stdout] error: cannot determine resolution for the macro `create_test_temp_dir`
[INFO] [stdout]   --> src/toolchain/tests.rs:93:15
[INFO] [stdout]    |
[INFO] [stdout] 93 |     let dir = create_test_temp_dir!();
[INFO] [stdout]    |               ^^^^^^^^^^^^^^^^^^^^
[INFO] [stdout]    |
[INFO] [stdout]    = note: import resolution is stuck, try simplifying macro imports
[INFO] [stdout] 
[INFO] [stdout] 
[INFO] [stdout] error: cannot determine resolution for the macro `create_test_temp_dir`
[INFO] [stdout]    --> src/toolchain/tests.rs:112:19
[INFO] [stdout]     |
[INFO] [stdout] 112 |         let dir = create_test_temp_dir!();
[INFO] [stdout]     |                   ^^^^^^^^^^^^^^^^^^^^
[INFO] [stdout]     |
[INFO] [stdout]     = note: import resolution is stuck, try simplifying macro imports
[INFO] [stdout] 
[INFO] [stdout] 
[INFO] [stdout] error: cannot determine resolution for the macro `create_test_temp_dir`
[INFO] [stdout]    --> src/toolchain/tests.rs:137:15
[INFO] [stdout]     |
[INFO] [stdout] 137 |     let dir = create_test_temp_dir!();
[INFO] [stdout]     |               ^^^^^^^^^^^^^^^^^^^^
[INFO] [stdout]     |
[INFO] [stdout]     = note: import resolution is stuck, try simplifying macro imports
[INFO] [stdout] 
[INFO] [stdout] 
[INFO] [stdout] error: cannot determine resolution for the macro `create_test_temp_dir`
[INFO] [stdout]    --> src/toolchain/tests.rs:155:15
[INFO] [stdout]     |
[INFO] [stdout] 155 |     let dir = create_test_temp_dir!();
[INFO] [stdout]     |               ^^^^^^^^^^^^^^^^^^^^
[INFO] [stdout]     |
[INFO] [stdout]     = note: import resolution is stuck, try simplifying macro imports
[INFO] [stdout] 
[INFO] [stdout] 
[INFO] [stdout] error: cannot determine resolution for the macro `create_test_temp_dir`
[INFO] [stdout]    --> src/toolchain/tests.rs:237:15
[INFO] [stdout]     |
[INFO] [stdout] 237 |     let dir = create_test_temp_dir!().canonicalize().unwrap();
[INFO] [stdout]     |               ^^^^^^^^^^^^^^^^^^^^
[INFO] [stdout]     |
[INFO] [stdout]     = note: import resolution is stuck, try simplifying macro imports
[INFO] [stdout] 
[INFO] [stdout] 
[INFO] [stdout] error: cannot determine resolution for the macro `create_test_temp_dir`
[INFO] [stdout]    --> src/toolchain/tests.rs:418:16
[INFO] [stdout]     |
[INFO] [stdout] 418 |     let home = create_test_temp_dir!();
[INFO] [stdout]     |                ^^^^^^^^^^^^^^^^^^^^
[INFO] [stdout]     |
[INFO] [stdout]     = note: import resolution is stuck, try simplifying macro imports
[INFO] [stdout] 
[INFO] [stdout] 
[INFO] [stdout] error: cannot determine resolution for the macro `create_test_temp_dir`
[INFO] [stdout]    --> src/toolchain/tests.rs:436:16
[INFO] [stdout]     |
[INFO] [stdout] 436 |     let home = create_test_temp_dir!();
[INFO] [stdout]     |                ^^^^^^^^^^^^^^^^^^^^
[INFO] [stdout]     |
[INFO] [stdout]     = note: import resolution is stuck, try simplifying macro imports
[INFO] [stdout] 
[INFO] [stdout] 
[INFO] [stdout] error: cannot determine resolution for the macro `create_test_temp_dir`
[INFO] [stdout]    --> src/toolchain/tests.rs:457:16
[INFO] [stdout]     |
[INFO] [stdout] 457 |     let home = create_test_temp_dir!();
[INFO] [stdout]     |                ^^^^^^^^^^^^^^^^^^^^
[INFO] [stdout]     |
[INFO] [stdout]     = note: import resolution is stuck, try simplifying macro imports
[INFO] [stdout] 
[INFO] [stdout] 
[INFO] [stdout] error: cannot determine resolution for the macro `create_test_temp_dir`
[INFO] [stdout]    --> src/toolchain/tests.rs:480:16
[INFO] [stdout]     |
[INFO] [stdout] 480 |     let home = create_test_temp_dir!();
[INFO] [stdout]     |                ^^^^^^^^^^^^^^^^^^^^
[INFO] [stdout]     |
[INFO] [stdout]     = note: import resolution is stuck, try simplifying macro imports
[INFO] [stdout] 
[INFO] [stdout] 
[INFO] [stdout] error: cannot determine resolution for the macro `create_test_temp_dir`
[INFO] [stdout]    --> src/toolchain/tests.rs:543:16
[INFO] [stdout]     |
[INFO] [stdout] 543 |     let home = create_test_temp_dir!();
[INFO] [stdout]     |                ^^^^^^^^^^^^^^^^^^^^
[INFO] [stdout]     |
[INFO] [stdout]     = note: import resolution is stuck, try simplifying macro imports
[INFO] [stdout] 
[INFO] [stdout] 
[INFO] [stdout] error: cannot determine resolution for the macro `create_test_temp_dir`
[INFO] [stdout]    --> src/toolchain/tests.rs:576:16
[INFO] [stdout]     |
[INFO] [stdout] 576 |     let home = create_test_temp_dir!();
[INFO] [stdout]     |                ^^^^^^^^^^^^^^^^^^^^
[INFO] [stdout]     |
[INFO] [stdout]     = note: import resolution is stuck, try simplifying macro imports
[INFO] [stdout] 
[INFO] [stdout] 
[INFO] [stdout] error: cannot determine resolution for the macro `create_test_temp_dir`
[INFO] [stdout]    --> src/toolchain/tests.rs:618:20
[INFO] [stdout]     |
[INFO] [stdout] 618 |         let home = create_test_temp_dir!();
[INFO] [stdout]     |                    ^^^^^^^^^^^^^^^^^^^^
[INFO] [stdout]     |
[INFO] [stdout]     = note: import resolution is stuck, try simplifying macro imports
[INFO] [stdout] 
[INFO] [stdout] 
[INFO] [stdout] error: cannot determine resolution for the macro `create_test_temp_dir`
[INFO] [stdout]    --> src/toolchain/tests.rs:651:16
[INFO] [stdout]     |
[INFO] [stdout] 651 |     let home = create_test_temp_dir!();
[INFO] [stdout]     |                ^^^^^^^^^^^^^^^^^^^^
[INFO] [stdout]     |
[INFO] [stdout]     = note: import resolution is stuck, try simplifying macro imports
[INFO] [stdout] 
[INFO] [stdout] 
[INFO] [stdout] error: cannot determine resolution for the macro `create_test_temp_dir`
[INFO] [stdout]    --> src/toolchain/tests.rs:690:15
[INFO] [stdout]     |
[INFO] [stdout] 690 |     let dir = create_test_temp_dir!();
[INFO] [stdout]     |               ^^^^^^^^^^^^^^^^^^^^
[INFO] [stdout]     |
[INFO] [stdout]     = note: import resolution is stuck, try simplifying macro imports
[INFO] [stdout] 
[INFO] [stdout] 
[INFO] [stdout] error: cannot determine resolution for the macro `create_test_temp_dir`
[INFO] [stdout]    --> src/toolchain/tests.rs:700:15
[INFO] [stdout]     |
[INFO] [stdout] 700 |     let dir = create_test_temp_dir!();
[INFO] [stdout]     |               ^^^^^^^^^^^^^^^^^^^^
[INFO] [stdout]     |
[INFO] [stdout]     = note: import resolution is stuck, try simplifying macro imports
[INFO] [stdout] 
[INFO] [stdout] 
[INFO] [stdout] error: cannot determine resolution for the macro `create_test_temp_dir`
[INFO] [stdout]    --> src/toolchain/tests.rs:706:16
[INFO] [stdout]     |
[INFO] [stdout] 706 |     let home = create_test_temp_dir!();
[INFO] [stdout]     |                ^^^^^^^^^^^^^^^^^^^^
[INFO] [stdout]     |
[INFO] [stdout]     = note: import resolution is stuck, try simplifying macro imports
[INFO] [stdout] 
[INFO] [stdout] 
[INFO] [stdout] error: cannot determine resolution for the macro `create_test_temp_dir`
[INFO] [stdout]    --> src/toolchain/tests.rs:734:16
[INFO] [stdout]     |
[INFO] [stdout] 734 |     let home = create_test_temp_dir!();
[INFO] [stdout]     |                ^^^^^^^^^^^^^^^^^^^^
[INFO] [stdout]     |
[INFO] [stdout]     = note: import resolution is stuck, try simplifying macro imports
[INFO] [stdout] 
[INFO] [stdout] 
[INFO] [stdout] error: cannot determine resolution for the macro `create_test_temp_dir`
[INFO] [stdout]    --> src/toolchain/tests.rs:765:16
[INFO] [stdout]     |
[INFO] [stdout] 765 |     let home = create_test_temp_dir!();
[INFO] [stdout]     |                ^^^^^^^^^^^^^^^^^^^^
[INFO] [stdout]     |
[INFO] [stdout]     = note: import resolution is stuck, try simplifying macro imports
[INFO] [stdout] 
[INFO] [stdout] 
[INFO] [stdout] error: cannot determine resolution for the macro `create_test_temp_dir`
[INFO] [stdout]    --> src/toolchain/tests.rs:842:16
[INFO] [stdout]     |
[INFO] [stdout] 842 |     let home = create_test_temp_dir!();
[INFO] [stdout]     |                ^^^^^^^^^^^^^^^^^^^^
[INFO] [stdout]     |
[INFO] [stdout]     = note: import resolution is stuck, try simplifying macro imports
[INFO] [stdout] 
[INFO] [stdout] 
[INFO] [stdout] error: cannot determine resolution for the macro `create_test_temp_dir`
[INFO] [stdout]    --> src/toolchain/tests.rs:976:16
[INFO] [stdout]     |
[INFO] [stdout] 976 |     let home = create_test_temp_dir!();
[INFO] [stdout]     |                ^^^^^^^^^^^^^^^^^^^^
[INFO] [stdout]     |
[INFO] [stdout]     = note: import resolution is stuck, try simplifying macro imports
[INFO] [stdout] 
[INFO] [stdout] 
[INFO] [stdout] error: cannot determine resolution for the macro `create_test_temp_dir`
[INFO] [stdout]     --> src/toolchain/tests.rs:1065:16
[INFO] [stdout]      |
[INFO] [stdout] 1065 |     let home = create_test_temp_dir!();
[INFO] [stdout]      |                ^^^^^^^^^^^^^^^^^^^^
[INFO] [stdout]      |
[INFO] [stdout]      = note: import resolution is stuck, try simplifying macro imports
[INFO] [stdout] 
[INFO] [stdout] 
[INFO] [stdout] error: cannot determine resolution for the macro `create_test_temp_dir`
[INFO] [stdout]     --> src/toolchain/tests.rs:1131:16
[INFO] [stdout]      |
[INFO] [stdout] 1131 |     let home = create_test_temp_dir!();
[INFO] [stdout]      |                ^^^^^^^^^^^^^^^^^^^^
[INFO] [stdout]      |
[INFO] [stdout]      = note: import resolution is stuck, try simplifying macro imports
[INFO] [stdout] 
[INFO] [stdout] 
[INFO] [stdout] error: cannot determine resolution for the macro `create_test_temp_dir`
[INFO] [stdout]    --> src/utils/directory.rs:348:31
[INFO] [stdout]     |
[INFO] [stdout] 348 |             let hygeia_home = create_test_temp_dir!().join(".hygeia");
[INFO] [stdout]     |                               ^^^^^^^^^^^^^^^^^^^^
[INFO] [stdout]     |
[INFO] [stdout]     = note: import resolution is stuck, try simplifying macro imports
[INFO] [stdout] 
[INFO] [stdout] 
[INFO] [stdout] error: cannot determine resolution for the macro `create_test_temp_dir`
[INFO] [stdout]    --> src/utils/directory.rs:390:31
[INFO] [stdout]     |
[INFO] [stdout] 390 |             let hygeia_home = create_test_temp_dir!().join(".hygeia");
[INFO] [stdout]     |                               ^^^^^^^^^^^^^^^^^^^^
[INFO] [stdout]     |
[INFO] [stdout]     = note: import resolution is stuck, try simplifying macro imports
[INFO] [stdout] 
[INFO] [stdout] 
[INFO] [stdout] error: cannot determine resolution for the macro `create_test_temp_dir`
[INFO] [stdout]    --> src/utils/directory.rs:432:31
[INFO] [stdout]     |
[INFO] [stdout] 432 |             let hygeia_home = create_test_temp_dir!().join(".hygeia");
[INFO] [stdout]     |                               ^^^^^^^^^^^^^^^^^^^^
[INFO] [stdout]     |
[INFO] [stdout]     = note: import resolution is stuck, try simplifying macro imports
[INFO] [stdout] 
[INFO] [stdout] 
[INFO] [stdout] error: cannot determine resolution for the macro `create_test_temp_dir`
[INFO] [stdout]    --> src/utils/directory.rs:474:31
[INFO] [stdout]     |
[INFO] [stdout] 474 |             let hygeia_home = create_test_temp_dir!().join(".hygeia");
[INFO] [stdout]     |                               ^^^^^^^^^^^^^^^^^^^^
[INFO] [stdout]     |
[INFO] [stdout]     = note: import resolution is stuck, try simplifying macro imports
[INFO] [stdout] 
[INFO] [stdout] 
[INFO] [stdout] error: cannot determine resolution for the macro `create_test_temp_dir`
[INFO] [stdout]    --> src/utils/directory.rs:516:31
[INFO] [stdout]     |
[INFO] [stdout] 516 |             let hygeia_home = create_test_temp_dir!().join(".hygeia");
[INFO] [stdout]     |                               ^^^^^^^^^^^^^^^^^^^^
[INFO] [stdout]     |
[INFO] [stdout]     = note: import resolution is stuck, try simplifying macro imports
[INFO] [stdout] 
[INFO] [stdout] 
[INFO] [stdout] error: cannot determine resolution for the macro `create_test_temp_dir`
[INFO] [stdout]    --> src/utils/directory.rs:557:24
[INFO] [stdout]     |
[INFO] [stdout] 557 |             let home = create_test_temp_dir!();
[INFO] [stdout]     |                        ^^^^^^^^^^^^^^^^^^^^
[INFO] [stdout]     |
[INFO] [stdout]     = note: import resolution is stuck, try simplifying macro imports
[INFO] [stdout] 
[INFO] [stdout] 
[INFO] [stdout] error: cannot determine resolution for the macro `create_test_temp_dir`
[INFO] [stdout]    --> src/utils/directory.rs:599:24
[INFO] [stdout]     |
[INFO] [stdout] 599 |             let home = create_test_temp_dir!();
[INFO] [stdout]     |                        ^^^^^^^^^^^^^^^^^^^^
[INFO] [stdout]     |
[INFO] [stdout]     = note: import resolution is stuck, try simplifying macro imports
[INFO] [stdout] 
[INFO] [stdout] 
[INFO] [stdout] error: cannot determine resolution for the macro `create_test_temp_dir`
[INFO] [stdout]    --> src/utils/directory.rs:641:24
[INFO] [stdout]     |
[INFO] [stdout] 641 |             let home = create_test_temp_dir!();
[INFO] [stdout]     |                        ^^^^^^^^^^^^^^^^^^^^
[INFO] [stdout]     |
[INFO] [stdout]     = note: import resolution is stuck, try simplifying macro imports
[INFO] [stdout] 
[INFO] [stdout] 
[INFO] [stdout] error: cannot determine resolution for the macro `create_test_temp_dir`
[INFO] [stdout]    --> src/utils/directory.rs:683:24
[INFO] [stdout]     |
[INFO] [stdout] 683 |             let home = create_test_temp_dir!();
[INFO] [stdout]     |                        ^^^^^^^^^^^^^^^^^^^^
[INFO] [stdout]     |
[INFO] [stdout]     = note: import resolution is stuck, try simplifying macro imports
[INFO] [stdout] 
[INFO] [stdout] 
[INFO] [stdout] error: cannot determine resolution for the macro `create_test_temp_dir`
[INFO] [stdout]    --> src/utils/directory.rs:731:24
[INFO] [stdout]     |
[INFO] [stdout] 731 |             let home = create_test_temp_dir!();
[INFO] [stdout]     |                        ^^^^^^^^^^^^^^^^^^^^
[INFO] [stdout]     |
[INFO] [stdout]     = note: import resolution is stuck, try simplifying macro imports
[INFO] [stdout] 
[INFO] [stdout] 
[INFO] [stdout] error: cannot determine resolution for the macro `create_test_temp_dir`
[INFO] [stdout]    --> src/utils/directory.rs:792:24
[INFO] [stdout]     |
[INFO] [stdout] 792 |             let home = create_test_temp_dir!();
[INFO] [stdout]     |                        ^^^^^^^^^^^^^^^^^^^^
[INFO] [stdout]     |
[INFO] [stdout]     = note: import resolution is stuck, try simplifying macro imports
[INFO] [stdout] 
[INFO] [stdout] 
[INFO] [stdout] error: cannot determine resolution for the macro `create_test_temp_dir`
[INFO] [stdout]    --> src/utils.rs:498:23
[INFO] [stdout]     |
[INFO] [stdout] 498 |         let tmp_dir = create_test_temp_dir!();
[INFO] [stdout]     |                       ^^^^^^^^^^^^^^^^^^^^
[INFO] [stdout]     |
[INFO] [stdout]     = note: import resolution is stuck, try simplifying macro imports
[INFO] [stdout] 
[INFO] [stdout] 
[INFO] [stdout] error: cannot determine resolution for the macro `create_test_temp_dir`
[INFO] [stdout]    --> src/utils.rs:601:23
[INFO] [stdout]     |
[INFO] [stdout] 601 |         let tmp_dir = create_test_temp_dir!();
[INFO] [stdout]     |                       ^^^^^^^^^^^^^^^^^^^^
[INFO] [stdout]     |
[INFO] [stdout]     = note: import resolution is stuck, try simplifying macro imports
[INFO] [stdout] 
[INFO] [stdout] 
[INFO] [stdout] error[E0432]: unresolved import `hygeia_test_helpers`
[INFO] [stdout]   --> tests/integration/mod.rs:25:5
[INFO] [stdout]    |
[INFO] [stdout] 25 | use hygeia_test_helpers::{create_test_temp_dir, function_path, mock_executable, MockedOutput};
[INFO] [stdout]    |     ^^^^^^^^^^^^^^^^^^^ use of undeclared type or module `hygeia_test_helpers`
[INFO] [stdout] 
[INFO] [stdout] 
[INFO] [stdout] error[E0432]: unresolved import `hygeia_test_helpers`
[INFO] [stdout]  --> tests/integration/install.rs:6:5
[INFO] [stdout]   |
[INFO] [stdout] 6 | use hygeia_test_helpers::EXECUTABLE_EXTENSION;
[INFO] [stdout]   |     ^^^^^^^^^^^^^^^^^^^ use of undeclared type or module `hygeia_test_helpers`
[INFO] [stdout] 
[INFO] [stdout] 
[INFO] [stdout] error: cannot determine resolution for the macro `create_test_temp_dir`
[INFO] [stdout]   --> tests/integration/install/long_compilation.rs:18:20
[INFO] [stdout]    |
[INFO] [stdout] 18 |         let home = create_test_temp_dir!();
[INFO] [stdout]    |                    ^^^^^^^^^^^^^^^^^^^^
[INFO] [stdout]    |
[INFO] [stdout]    = note: import resolution is stuck, try simplifying macro imports
[INFO] [stdout] 
[INFO] [stdout] 
[INFO] [stdout] error: cannot determine resolution for the macro `create_test_temp_dir`
[INFO] [stdout]   --> tests/integration/install/long_compilation.rs:68:20
[INFO] [stdout]    |
[INFO] [stdout] 68 |         let home = create_test_temp_dir!();
[INFO] [stdout]    |                    ^^^^^^^^^^^^^^^^^^^^
[INFO] [stdout]    |
[INFO] [stdout]    = note: import resolution is stuck, try simplifying macro imports
[INFO] [stdout] 
[INFO] [stdout] 
[INFO] [stdout] error: cannot determine resolution for the macro `create_test_temp_dir`
[INFO] [stdout]    --> tests/integration/install/long_compilation.rs:123:20
[INFO] [stdout]     |
[INFO] [stdout] 123 |         let home = create_test_temp_dir!();
[INFO] [stdout]     |                    ^^^^^^^^^^^^^^^^^^^^
[INFO] [stdout]     |
[INFO] [stdout]     = note: import resolution is stuck, try simplifying macro imports
[INFO] [stdout] 
[INFO] [stdout] 
[INFO] [stdout] error: cannot determine resolution for the macro `create_test_temp_dir`
[INFO] [stdout]    --> tests/integration/install/long_compilation.rs:190:20
[INFO] [stdout]     |
[INFO] [stdout] 190 |         let home = create_test_temp_dir!();
[INFO] [stdout]     |                    ^^^^^^^^^^^^^^^^^^^^
[INFO] [stdout]     |
[INFO] [stdout]     = note: import resolution is stuck, try simplifying macro imports
[INFO] [stdout] 
[INFO] [stdout] 
[INFO] [stdout] error: cannot determine resolution for the macro `function_path`
[INFO] [stdout]   --> tests/integration/install/windows_only.rs:10:13
[INFO] [stdout]    |
[INFO] [stdout] 10 |             function_path!()
[INFO] [stdout]    |             ^^^^^^^^^^^^^
[INFO] [stdout]    |
[INFO] [stdout]    = note: import resolution is stuck, try simplifying macro imports
[INFO] [stdout] 
[INFO] [stdout] 
[INFO] [stdout] error: cannot determine resolution for the macro `create_test_temp_dir`
[INFO] [stdout]   --> tests/integration/install/windows_only.rs:16:20
[INFO] [stdout]    |
[INFO] [stdout] 16 |         let home = create_test_temp_dir!();
[INFO] [stdout]    |                    ^^^^^^^^^^^^^^^^^^^^
[INFO] [stdout]    |
[INFO] [stdout]    = note: import resolution is stuck, try simplifying macro imports
[INFO] [stdout] 
[INFO] [stdout] 
[INFO] [stdout] error: cannot determine resolution for the macro `function_path`
[INFO] [stdout]   --> tests/integration/install/windows_only.rs:82:13
[INFO] [stdout]    |
[INFO] [stdout] 82 |             function_path!()
[INFO] [stdout]    |             ^^^^^^^^^^^^^
[INFO] [stdout]    |
[INFO] [stdout]    = note: import resolution is stuck, try simplifying macro imports
[INFO] [stdout] 
[INFO] [stdout] 
[INFO] [stdout] error: cannot determine resolution for the macro `create_test_temp_dir`
[INFO] [stdout]   --> tests/integration/install/windows_only.rs:88:20
[INFO] [stdout]    |
[INFO] [stdout] 88 |         let home = create_test_temp_dir!();
[INFO] [stdout]    |                    ^^^^^^^^^^^^^^^^^^^^
[INFO] [stdout]    |
[INFO] [stdout]    = note: import resolution is stuck, try simplifying macro imports
[INFO] [stdout] 
[INFO] [stdout] 
[INFO] [stdout] error: cannot determine resolution for the macro `function_path`
[INFO] [stdout]    --> tests/integration/install/windows_only.rs:141:13
[INFO] [stdout]     |
[INFO] [stdout] 141 |             function_path!()
[INFO] [stdout]     |             ^^^^^^^^^^^^^
[INFO] [stdout]     |
[INFO] [stdout]     = note: import resolution is stuck, try simplifying macro imports
[INFO] [stdout] 
[INFO] [stdout] 
[INFO] [stdout] error: cannot determine resolution for the macro `create_test_temp_dir`
[INFO] [stdout]    --> tests/integration/install/windows_only.rs:147:20
[INFO] [stdout]     |
[INFO] [stdout] 147 |         let home = create_test_temp_dir!();
[INFO] [stdout]     |                    ^^^^^^^^^^^^^^^^^^^^
[INFO] [stdout]     |
[INFO] [stdout]     = note: import resolution is stuck, try simplifying macro imports
[INFO] [stdout] 
[INFO] [stdout] 
[INFO] [stdout] error: cannot determine resolution for the macro `function_path`
[INFO] [stdout]    --> tests/integration/install/windows_only.rs:213:13
[INFO] [stdout]     |
[INFO] [stdout] 213 |             function_path!()
[INFO] [stdout]     |             ^^^^^^^^^^^^^
[INFO] [stdout]     |
[INFO] [stdout]     = note: import resolution is stuck, try simplifying macro imports
[INFO] [stdout] 
[INFO] [stdout] 
[INFO] [stdout] error: cannot determine resolution for the macro `create_test_temp_dir`
[INFO] [stdout]    --> tests/integration/install/windows_only.rs:219:20
[INFO] [stdout]     |
[INFO] [stdout] 219 |         let home = create_test_temp_dir!();
[INFO] [stdout]     |                    ^^^^^^^^^^^^^^^^^^^^
[INFO] [stdout]     |
[INFO] [stdout]     = note: import resolution is stuck, try simplifying macro imports
[INFO] [stdout] 
[INFO] [stdout] 
[INFO] [stdout] error: cannot determine resolution for the macro `create_test_temp_dir`
[INFO] [stdout]    --> tests/integration/install.rs:167:16
[INFO] [stdout]     |
[INFO] [stdout] 167 |     let home = create_test_temp_dir!(version);
[INFO] [stdout]     |                ^^^^^^^^^^^^^^^^^^^^
[INFO] [stdout]     |
[INFO] [stdout]     = note: import resolution is stuck, try simplifying macro imports
[INFO] [stdout] 
[INFO] [stdout] 
[INFO] [stdout] error: cannot determine resolution for the macro `create_test_temp_dir`
[INFO] [stdout]  --> tests/integration/list.rs:5:16
[INFO] [stdout]   |
[INFO] [stdout] 5 |     let home = create_test_temp_dir!();
[INFO] [stdout]   |                ^^^^^^^^^^^^^^^^^^^^
[INFO] [stdout]   |
[INFO] [stdout]   = note: import resolution is stuck, try simplifying macro imports
[INFO] [stdout] 
[INFO] [stdout] 
[INFO] [stdout] error: cannot determine resolution for the macro `create_test_temp_dir`
[INFO] [stdout]   --> tests/integration/list.rs:31:16
[INFO] [stdout]    |
[INFO] [stdout] 31 |     let home = create_test_temp_dir!();
[INFO] [stdout]    |                ^^^^^^^^^^^^^^^^^^^^
[INFO] [stdout]    |
[INFO] [stdout]    = note: import resolution is stuck, try simplifying macro imports
[INFO] [stdout] 
[INFO] [stdout] 
[INFO] [stdout] error: cannot determine resolution for the macro `create_test_temp_dir`
[INFO] [stdout]   --> tests/integration/list.rs:81:16
[INFO] [stdout]    |
[INFO] [stdout] 81 |     let home = create_test_temp_dir!();
[INFO] [stdout]    |                ^^^^^^^^^^^^^^^^^^^^
[INFO] [stdout]    |
[INFO] [stdout]    = note: import resolution is stuck, try simplifying macro imports
[INFO] [stdout] 
[INFO] [stdout] 
[INFO] [stdout] error: cannot determine resolution for the macro `create_test_temp_dir`
[INFO] [stdout]  --> tests/integration/path.rs:5:16
[INFO] [stdout]   |
[INFO] [stdout] 5 |     let home = create_test_temp_dir!();
[INFO] [stdout]   |                ^^^^^^^^^^^^^^^^^^^^
[INFO] [stdout]   |
[INFO] [stdout]   = note: import resolution is stuck, try simplifying macro imports
[INFO] [stdout] 
[INFO] [stdout] 
[INFO] [stdout] error: cannot determine resolution for the macro `create_test_temp_dir`
[INFO] [stdout]   --> tests/integration/path.rs:28:16
[INFO] [stdout]    |
[INFO] [stdout] 28 |     let home = create_test_temp_dir!();
[INFO] [stdout]    |                ^^^^^^^^^^^^^^^^^^^^
[INFO] [stdout]    |
[INFO] [stdout]    = note: import resolution is stuck, try simplifying macro imports
[INFO] [stdout] 
[INFO] [stdout] 
[INFO] [stdout] error: cannot determine resolution for the macro `create_test_temp_dir`
[INFO] [stdout]   --> tests/integration/path.rs:54:16
[INFO] [stdout]    |
[INFO] [stdout] 54 |     let home = create_test_temp_dir!();
[INFO] [stdout]    |                ^^^^^^^^^^^^^^^^^^^^
[INFO] [stdout]    |
[INFO] [stdout]    = note: import resolution is stuck, try simplifying macro imports
[INFO] [stdout] 
[INFO] [stdout] 
[INFO] [stdout] error: cannot determine resolution for the macro `create_test_temp_dir`
[INFO] [stdout]   --> tests/integration/path.rs:79:16
[INFO] [stdout]    |
[INFO] [stdout] 79 |     let home = create_test_temp_dir!();
[INFO] [stdout]    |                ^^^^^^^^^^^^^^^^^^^^
[INFO] [stdout]    |
[INFO] [stdout]    = note: import resolution is stuck, try simplifying macro imports
[INFO] [stdout] 
[INFO] [stdout] 
[INFO] [stdout] error: cannot determine resolution for the macro `create_test_temp_dir`
[INFO] [stdout]  --> tests/integration/run.rs:5:16
[INFO] [stdout]   |
[INFO] [stdout] 5 |     let home = create_test_temp_dir!();
[INFO] [stdout]   |                ^^^^^^^^^^^^^^^^^^^^
[INFO] [stdout]   |
[INFO] [stdout]   = note: import resolution is stuck, try simplifying macro imports
[INFO] [stdout] 
[INFO] [stdout] 
[INFO] [stdout] error: cannot determine resolution for the macro `create_test_temp_dir`
[INFO] [stdout]   --> tests/integration/run.rs:43:16
[INFO] [stdout]    |
[INFO] [stdout] 43 |     let home = create_test_temp_dir!();
[INFO] [stdout]    |                ^^^^^^^^^^^^^^^^^^^^
[INFO] [stdout]    |
[INFO] [stdout]    = note: import resolution is stuck, try simplifying macro imports
[INFO] [stdout] 
[INFO] [stdout] 
[INFO] [stdout] error: cannot determine resolution for the macro `create_test_temp_dir`
[INFO] [stdout]  --> tests/integration/select.rs:5:16
[INFO] [stdout]   |
[INFO] [stdout] 5 |     let home = create_test_temp_dir!();
[INFO] [stdout]   |                ^^^^^^^^^^^^^^^^^^^^
[INFO] [stdout]   |
[INFO] [stdout]   = note: import resolution is stuck, try simplifying macro imports
[INFO] [stdout] 
[INFO] [stdout] 
[INFO] [stdout] error: cannot determine resolution for the macro `create_test_temp_dir`
[INFO] [stdout]   --> tests/integration/select.rs:32:16
[INFO] [stdout]    |
[INFO] [stdout] 32 |     let home = create_test_temp_dir!();
[INFO] [stdout]    |                ^^^^^^^^^^^^^^^^^^^^
[INFO] [stdout]    |
[INFO] [stdout]    = note: import resolution is stuck, try simplifying macro imports
[INFO] [stdout] 
[INFO] [stdout] 
[INFO] [stdout] error: cannot determine resolution for the macro `create_test_temp_dir`
[INFO] [stdout]   --> tests/integration/select.rs:59:16
[INFO] [stdout]    |
[INFO] [stdout] 59 |     let home = create_test_temp_dir!();
[INFO] [stdout]    |                ^^^^^^^^^^^^^^^^^^^^
[INFO] [stdout]    |
[INFO] [stdout]    = note: import resolution is stuck, try simplifying macro imports
[INFO] [stdout] 
[INFO] [stdout] 
[INFO] [stdout] error: cannot determine resolution for the macro `create_test_temp_dir`
[INFO] [stdout]   --> tests/integration/select.rs:87:16
[INFO] [stdout]    |
[INFO] [stdout] 87 |     let home = create_test_temp_dir!();
[INFO] [stdout]    |                ^^^^^^^^^^^^^^^^^^^^
[INFO] [stdout]    |
[INFO] [stdout]    = note: import resolution is stuck, try simplifying macro imports
[INFO] [stdout] 
[INFO] [stdout] 
[INFO] [stdout] error: cannot determine resolution for the macro `create_test_temp_dir`
[INFO] [stdout]    --> tests/integration/select.rs:112:16
[INFO] [stdout]     |
[INFO] [stdout] 112 |     let home = create_test_temp_dir!();
[INFO] [stdout]     |                ^^^^^^^^^^^^^^^^^^^^
[INFO] [stdout]     |
[INFO] [stdout]     = note: import resolution is stuck, try simplifying macro imports
[INFO] [stdout] 
[INFO] [stdout] 
[INFO] [stdout] error: cannot determine resolution for the macro `create_test_temp_dir`
[INFO] [stdout]  --> tests/integration/setup/bash.rs:8:16
[INFO] [stdout]   |
[INFO] [stdout] 8 |     let home = create_test_temp_dir!();
[INFO] [stdout]   |                ^^^^^^^^^^^^^^^^^^^^
[INFO] [stdout]   |
[INFO] [stdout]   = note: import resolution is stuck, try simplifying macro imports
[INFO] [stdout] 
[INFO] [stdout] 
[INFO] [stdout] error: cannot determine resolution for the macro `create_test_temp_dir`
[INFO] [stdout]   --> tests/integration/setup/bash.rs:71:16
[INFO] [stdout]    |
[INFO] [stdout] 71 |     let home = create_test_temp_dir!();
[INFO] [stdout]    |                ^^^^^^^^^^^^^^^^^^^^
[INFO] [stdout]    |
[INFO] [stdout]    = note: import resolution is stuck, try simplifying macro imports
[INFO] [stdout] 
[INFO] [stdout] 
[INFO] [stdout] error: cannot determine resolution for the macro `create_test_temp_dir`
[INFO] [stdout]   --> tests/integration/setup/powershell.rs:13:16
[INFO] [stdout]    |
[INFO] [stdout] 13 |     let home = create_test_temp_dir!();
[INFO] [stdout]    |                ^^^^^^^^^^^^^^^^^^^^
[INFO] [stdout]    |
[INFO] [stdout]    = note: import resolution is stuck, try simplifying macro imports
[INFO] [stdout] 
[INFO] [stdout] 
[INFO] [stdout] error: aborting due to 49 previous errors
[INFO] [stdout] 
[INFO] [stdout] 
[INFO] [stdout] For more information about this error, try `rustc --explain E0432`.
[INFO] [stdout] 
[INFO] [stderr] error: could not compile `hygeia`.
[INFO] [stderr] 
[INFO] [stderr] To learn more, run the command again with --verbose.
[INFO] [stderr] warning: build failed, waiting for other jobs to finish...
[INFO] [stdout] error: aborting due to 32 previous errors
[INFO] [stdout] 
[INFO] [stdout] 
[INFO] [stdout] For more information about this error, try `rustc --explain E0432`.
[INFO] [stdout] 
[INFO] [stderr] error: build failed
[INFO] running `Command { std: "docker" "inspect" "2f387d2aebca2925244a9874eb08282ba93edd50976fdce4a6725e6ebb61a8dc", kill_on_drop: false }`
[INFO] running `Command { std: "docker" "rm" "-f" "2f387d2aebca2925244a9874eb08282ba93edd50976fdce4a6725e6ebb61a8dc", kill_on_drop: false }`
[INFO] [stdout] 2f387d2aebca2925244a9874eb08282ba93edd50976fdce4a6725e6ebb61a8dc
